{"id":50,"date":"2023-07-11T20:30:04","date_gmt":"2023-07-11T20:30:04","guid":{"rendered":"https:\/\/atic.com.br\/loja\/?post_type=product&#038;p=50"},"modified":"2024-07-01T13:01:00","modified_gmt":"2024-07-01T13:01:00","slug":"nr23-2","status":"publish","type":"product","link":"https:\/\/atic.com.br\/loja\/product\/nr23-2\/","title":{"rendered":"NR23 &#8211; Princ\u00edpio de Combate a Inc\u00eandio"},"content":{"rendered":"<p><strong>Descri\u00e7\u00e3o:<\/strong><\/p>\n<p>O treinamento NR23 Prote\u00e7\u00e3o e Combate ao Inc\u00eandio prepara os participantes para prevenir, identificar e combater inc\u00eandios no ambiente de trabalho. Ele abrange medidas de seguran\u00e7a, uso de equipamentos adequados e procedimentos de emerg\u00eancia, visando garantir a seguran\u00e7a dos trabalhadores e a prote\u00e7\u00e3o do patrim\u00f4nio.<\/p>\n<p><strong>Para quem:<\/strong><\/p>\n<p>O treinamento NR23 \u00e9 destinado a todos os trabalhadores de empresas e organiza\u00e7\u00f5es, visando prepar\u00e1-los para prevenir e combater inc\u00eandios no ambiente de trabalho, promovendo a seguran\u00e7a de todos.<\/p>\n<p><strong>Funcionamento<\/strong>:<\/p>\n<p>O conte\u00fado dos cursos ser\u00e1 liberado com um prazo de 24 horas ap\u00f3s a aprova\u00e7\u00e3o do pagamento.<\/p>\n<p>Os certificados ser\u00e3o enviados por e-mail em at\u00e9 1 dia \u00fatil ap\u00f3s o aluno concluir o curso e ser aprovado na avalia\u00e7\u00e3o.<\/p>\n<p><strong>Carga Hor\u00e1ria:<\/strong>\u00a0 8horas<\/p>\n<p><strong>Validade:<\/strong> Alguns empregadores optam por realizar o treinamento anualmente.<\/p>\n","protected":false},"excerpt":{"rendered":"<p>Plano de Abandono e Princ\u00edpio de Combate ao Inc\u00eandio<\/p>\n<p>&nbsp;<\/p>\n","protected":false},"featured_media":197,"comment_status":"open","ping_status":"closed","template":"","meta":{"_monsterinsights_skip_tracking":false,"_monsterinsights_sitenote_active":false,"_monsterinsights_sitenote_note":"","_monsterinsights_sitenote_category":0,"_uf_show_specific_survey":0,"_uf_disable_surveys":false,"_joinchat":[]},"product_cat":[15,21],"product_tag":[20],"class_list":{"0":"post-50","1":"product","2":"type-product","3":"status-publish","4":"has-post-thumbnail","6":"product_cat-treinamentos","7":"product_cat-ead","8":"product_tag-curso","10":"first","11":"instock","12":"virtual","13":"purchasable","14":"product-type-simple"},"aioseo_notices":[],"_links":{"self":[{"href":"https:\/\/atic.com.br\/loja\/wp-json\/wp\/v2\/product\/50","targetHints":{"allow":["GET"]}}],"collection":[{"href":"https:\/\/atic.com.br\/loja\/wp-json\/wp\/v2\/product"}],"about":[{"href":"https:\/\/atic.com.br\/loja\/wp-json\/wp\/v2\/types\/product"}],"replies":[{"embeddable":true,"href":"https:\/\/atic.com.br\/loja\/wp-json\/wp\/v2\/comments?post=50"}],"wp:featuredmedia":[{"embeddable":true,"href":"https:\/\/atic.com.br\/loja\/wp-json\/wp\/v2\/media\/197"}],"wp:attachment":[{"href":"https:\/\/atic.com.br\/loja\/wp-json\/wp\/v2\/media?parent=50"}],"wp:term":[{"taxonomy":"product_cat","embeddable":true,"href":"https:\/\/atic.com.br\/loja\/wp-json\/wp\/v2\/product_cat?post=50"},{"taxonomy":"product_tag","embeddable":true,"href":"https:\/\/atic.com.br\/loja\/wp-json\/wp\/v2\/product_tag?post=50"}],"curies":[{"name":"wp","href":"https:\/\/api.w.org\/{rel}","templated":true}]}}