{"id":2693,"date":"2023-08-04T17:00:52","date_gmt":"2023-08-04T17:00:52","guid":{"rendered":"https:\/\/atic.com.br\/loja\/?post_type=product&#038;p=2693"},"modified":"2025-07-29T17:18:00","modified_gmt":"2025-07-29T17:18:00","slug":"nr23-brigada-de-incendio","status":"publish","type":"product","link":"https:\/\/atic.com.br\/loja\/product\/nr23-brigada-de-incendio\/","title":{"rendered":"NR23 &#8211; Brigada de inc\u00eandio"},"content":{"rendered":"<h2 data-start=\"251\" data-end=\"318\">Curso NR23 Online \u2013 Brigada de Inc\u00eandio e Preven\u00e7\u00e3o de Acidentes<\/h2>\n<h3 data-start=\"320\" data-end=\"384\">\ud83d\udd25 Descri\u00e7\u00e3o do Curso NR23 \u2013 Preven\u00e7\u00e3o e Combate a Inc\u00eandios<\/h3>\n<p data-start=\"386\" data-end=\"708\">O <strong data-start=\"388\" data-end=\"424\">Curso NR23 \u2013 Brigada de Inc\u00eandio<\/strong> tem como objetivo capacitar trabalhadores para agir com rapidez e seguran\u00e7a em situa\u00e7\u00f5es de emerg\u00eancia. A forma\u00e7\u00e3o aborda os princ\u00edpios da <strong data-start=\"564\" data-end=\"592\">Norma Regulamentadora 23<\/strong>, com foco na <strong data-start=\"606\" data-end=\"651\">preven\u00e7\u00e3o, detec\u00e7\u00e3o e combate a inc\u00eandios<\/strong>, al\u00e9m de t\u00e9cnicas de evacua\u00e7\u00e3o e <strong data-start=\"685\" data-end=\"707\">primeiros socorros<\/strong>.<\/p>\n<p data-start=\"710\" data-end=\"754\">Durante o curso, o participante aprender\u00e1 a:<\/p>\n<ul data-start=\"755\" data-end=\"1128\">\n<li data-start=\"755\" data-end=\"828\">\n<p data-start=\"757\" data-end=\"828\">Utilizar corretamente extintores e equipamentos de combate a inc\u00eandio<\/p>\n<\/li>\n<li data-start=\"829\" data-end=\"873\">\n<p data-start=\"831\" data-end=\"873\">Identificar tipos de fogo e suas classes<\/p>\n<\/li>\n<li data-start=\"874\" data-end=\"933\">\n<p data-start=\"876\" data-end=\"933\">Organizar e coordenar equipes em situa\u00e7\u00f5es emergenciais<\/p>\n<\/li>\n<li data-start=\"934\" data-end=\"989\">\n<p data-start=\"936\" data-end=\"989\">Executar rotas de fuga e procedimentos de evacua\u00e7\u00e3o<\/p>\n<\/li>\n<li data-start=\"990\" data-end=\"1040\">\n<p data-start=\"992\" data-end=\"1040\">Aplicar t\u00e9cnicas b\u00e1sicas de primeiros socorros<\/p>\n<\/li>\n<li data-start=\"1041\" data-end=\"1128\">\n<p data-start=\"1043\" data-end=\"1128\"><strong data-start=\"1043\" data-end=\"1080\">Atuar como brigadista de inc\u00eandio<\/strong>, garantindo a prote\u00e7\u00e3o de vidas e do patrim\u00f4nio<\/p>\n<\/li>\n<\/ul>\n<p data-start=\"1130\" data-end=\"1254\">Essa capacita\u00e7\u00e3o \u00e9 obrigat\u00f3ria para empresas que buscam <strong data-start=\"1186\" data-end=\"1253\">conformidade com a legisla\u00e7\u00e3o trabalhista e normas de seguran\u00e7a<\/strong>.<\/p>\n<h3 data-start=\"1261\" data-end=\"1313\">\ud83d\udc77 Para Quem \u00e9 o Curso NR23 Brigada de Inc\u00eandio?<\/h3>\n<p data-start=\"1315\" data-end=\"1339\">O curso \u00e9 indicado para:<\/p>\n<ul data-start=\"1341\" data-end=\"1605\">\n<li data-start=\"1341\" data-end=\"1400\">\n<p data-start=\"1343\" data-end=\"1400\">Colaboradores de empresas de qualquer porte ou segmento<\/p>\n<\/li>\n<li data-start=\"1401\" data-end=\"1464\">\n<p data-start=\"1403\" data-end=\"1464\">Profissionais designados para atuar em brigadas de inc\u00eandio<\/p>\n<\/li>\n<li data-start=\"1465\" data-end=\"1502\">\n<p data-start=\"1467\" data-end=\"1502\">T\u00e9cnicos de seguran\u00e7a do trabalho<\/p>\n<\/li>\n<li data-start=\"1503\" data-end=\"1536\">\n<p data-start=\"1505\" data-end=\"1536\">Supervisores e gestores de RH<\/p>\n<\/li>\n<li data-start=\"1537\" data-end=\"1605\">\n<p data-start=\"1539\" data-end=\"1605\">Qualquer funcion\u00e1rio envolvido em planos de evacua\u00e7\u00e3o e emerg\u00eancia<\/p>\n<\/li>\n<\/ul>\n<p data-start=\"1607\" data-end=\"1744\">A <strong data-start=\"1609\" data-end=\"1644\">forma\u00e7\u00e3o da brigada de inc\u00eandio<\/strong> \u00e9 fundamental para garantir um ambiente de trabalho seguro e minimizar danos em situa\u00e7\u00f5es de risco.<\/p>\n<h3 data-start=\"1751\" data-end=\"1779\">\ud83d\udce6 Como Funciona o Curso<\/h3>\n<ul data-start=\"1781\" data-end=\"2104\">\n<li data-start=\"1781\" data-end=\"1860\">\n<p data-start=\"1783\" data-end=\"1860\"><strong data-start=\"1783\" data-end=\"1808\">Libera\u00e7\u00e3o do conte\u00fado<\/strong>: at\u00e9 <strong data-start=\"1814\" data-end=\"1826\">24 horas<\/strong> ap\u00f3s a confirma\u00e7\u00e3o do pagamento<\/p>\n<\/li>\n<li data-start=\"1861\" data-end=\"1972\">\n<p data-start=\"1863\" data-end=\"1972\"><strong data-start=\"1863\" data-end=\"1886\">Certificado digital<\/strong>: enviado por e-mail em at\u00e9 <strong data-start=\"1914\" data-end=\"1928\">1 dia \u00fatil<\/strong> ap\u00f3s a conclus\u00e3o e aprova\u00e7\u00e3o na avalia\u00e7\u00e3o<\/p>\n<\/li>\n<li data-start=\"1973\" data-end=\"2003\">\n<p data-start=\"1975\" data-end=\"2003\"><strong data-start=\"1975\" data-end=\"1992\">Carga hor\u00e1ria<\/strong>: 8 horas<\/p>\n<\/li>\n<li data-start=\"2004\" data-end=\"2104\">\n<p data-start=\"2006\" data-end=\"2104\"><strong data-start=\"2006\" data-end=\"2018\">Validade<\/strong>: recomendada <strong data-start=\"2032\" data-end=\"2052\">reciclagem anual<\/strong>, conforme pol\u00edticas da empresa ou exig\u00eancias legais<\/p>\n<\/li>\n<\/ul>\n<h3 data-start=\"2111\" data-end=\"2153\">\ud83d\udcd8 Conte\u00fado Program\u00e1tico do Curso NR23<\/h3>\n<ul data-start=\"2155\" data-end=\"2481\">\n<li data-start=\"2155\" data-end=\"2215\">\n<p data-start=\"2157\" data-end=\"2215\">Introdu\u00e7\u00e3o \u00e0 NR23 e princ\u00edpios de preven\u00e7\u00e3o de inc\u00eandios<\/p>\n<\/li>\n<li data-start=\"2216\" data-end=\"2268\">\n<p data-start=\"2218\" data-end=\"2268\">Tipos de fogo, agentes extintores e equipamentos<\/p>\n<\/li>\n<li data-start=\"2269\" data-end=\"2317\">\n<p data-start=\"2271\" data-end=\"2317\">T\u00e9cnicas de combate a princ\u00edpios de inc\u00eandio<\/p>\n<\/li>\n<li data-start=\"2318\" data-end=\"2355\">\n<p data-start=\"2320\" data-end=\"2355\">Procedimentos de evacua\u00e7\u00e3o segura<\/p>\n<\/li>\n<li data-start=\"2356\" data-end=\"2404\">\n<p data-start=\"2358\" data-end=\"2404\">Organiza\u00e7\u00e3o e atua\u00e7\u00e3o da brigada de inc\u00eandio<\/p>\n<\/li>\n<li data-start=\"2405\" data-end=\"2445\">\n<p data-start=\"2407\" data-end=\"2445\">No\u00e7\u00f5es b\u00e1sicas de primeiros socorros<\/p>\n<\/li>\n<li data-start=\"2446\" data-end=\"2481\">\n<p data-start=\"2448\" data-end=\"2481\">Atua\u00e7\u00e3o em situa\u00e7\u00f5es emergenciais<\/p>\n<\/li>\n<\/ul>\n<h3 data-start=\"2488\" data-end=\"2525\">\u2705 Benef\u00edcios do Curso NR23 Online<\/h3>\n<ul data-start=\"2527\" data-end=\"2815\">\n<li data-start=\"2527\" data-end=\"2568\">\n<p data-start=\"2529\" data-end=\"2568\">Curso 100% online com acesso imediato<\/p>\n<\/li>\n<li data-start=\"2569\" data-end=\"2621\">\n<p data-start=\"2571\" data-end=\"2621\">Certificado v\u00e1lido em todo o territ\u00f3rio nacional<\/p>\n<\/li>\n<li data-start=\"2622\" data-end=\"2678\">\n<p data-start=\"2624\" data-end=\"2678\">Instrutores especializados em seguran\u00e7a e emerg\u00eancia<\/p>\n<\/li>\n<li data-start=\"2679\" data-end=\"2740\">\n<p data-start=\"2681\" data-end=\"2740\">Forma\u00e7\u00e3o pr\u00e1tica e te\u00f3rica com linguagem clara e objetiva<\/p>\n<\/li>\n<li data-start=\"2741\" data-end=\"2815\">\n<p data-start=\"2743\" data-end=\"2815\">Ideal para empresas industriais, comerciais, educacionais e hospitalares<\/p>\n<\/li>\n<\/ul>\n","protected":false},"excerpt":{"rendered":"<p>Curso NR23 Online \u2013 Brigada de Inc\u00eandio e Preven\u00e7\u00e3o de Acidentes \ud83d\udd25 Descri\u00e7\u00e3o do Curso NR23 \u2013 Preven\u00e7\u00e3o e Combate a Inc\u00eandios O Curso NR23 \u2013 Brigada de Inc\u00eandio tem como objetivo capacitar trabalhadores para agir com rapidez e seguran\u00e7a em situa\u00e7\u00f5es de emerg\u00eancia. A forma\u00e7\u00e3o aborda os princ\u00edpios da Norma Regulamentadora 23, com foco [&hellip;]<\/p>\n","protected":false},"featured_media":2694,"comment_status":"open","ping_status":"closed","template":"","meta":{"_monsterinsights_skip_tracking":false,"_monsterinsights_sitenote_active":false,"_monsterinsights_sitenote_note":"","_monsterinsights_sitenote_category":0,"_uf_show_specific_survey":0,"_uf_disable_surveys":false,"_joinchat":[]},"product_cat":[15,21],"product_tag":[20],"class_list":{"0":"post-2693","1":"product","2":"type-product","3":"status-publish","4":"has-post-thumbnail","6":"product_cat-treinamentos","7":"product_cat-ead","8":"product_tag-curso","10":"first","11":"instock","12":"virtual","13":"purchasable","14":"product-type-simple"},"aioseo_notices":[],"_links":{"self":[{"href":"https:\/\/atic.com.br\/loja\/wp-json\/wp\/v2\/product\/2693","targetHints":{"allow":["GET"]}}],"collection":[{"href":"https:\/\/atic.com.br\/loja\/wp-json\/wp\/v2\/product"}],"about":[{"href":"https:\/\/atic.com.br\/loja\/wp-json\/wp\/v2\/types\/product"}],"replies":[{"embeddable":true,"href":"https:\/\/atic.com.br\/loja\/wp-json\/wp\/v2\/comments?post=2693"}],"wp:featuredmedia":[{"embeddable":true,"href":"https:\/\/atic.com.br\/loja\/wp-json\/wp\/v2\/media\/2694"}],"wp:attachment":[{"href":"https:\/\/atic.com.br\/loja\/wp-json\/wp\/v2\/media?parent=2693"}],"wp:term":[{"taxonomy":"product_cat","embeddable":true,"href":"https:\/\/atic.com.br\/loja\/wp-json\/wp\/v2\/product_cat?post=2693"},{"taxonomy":"product_tag","embeddable":true,"href":"https:\/\/atic.com.br\/loja\/wp-json\/wp\/v2\/product_tag?post=2693"}],"curies":[{"name":"wp","href":"https:\/\/api.w.org\/{rel}","templated":true}]}}